Is r composite?
True
Let d(j) = -65*j**3 + 16*j**2 - 8*j - 92. Let n(i) = i**2 - i - 1. Let k(p) = d(p) - 7*n(p). Is k(-8) a composite number?
True
Suppose 18*d + 24404 = 22*d - 4*y, 0 = -4*y - 16. Is (-2)/(-3) - d/(-39) prime?
True
Let t(f) = f**2 - 10*f - 47. Let q be t(13). Let d(b) = -318*b - 85. Is d(q) a prime number?
True
Is (-558844)/(-20) + (4/(-42) - 2204/1995) composite?
False
Let y(f) = 1768*f**2 - 79*f - 553. Is y(-6) a composite number?
True
Let g(j) = 1564*j**3 - 6*j**2 + 32*j - 55. Is g(2) composite?
False
Let i = 120 - 66. Let m(a) = 9*a**2 - 3*a - 12. Let h be m(6). Suppose 4*f = g - i, 2*f - h = -5*g - 2*f. Is g composite?
True
Suppose 14*n - 2*n - 84 = 0. Suppose 7922 = n*c - 19427. Is c composite?
False
Let s be ((-36)/15)/((-9)/570). Suppose 2*w - 2*t = 94, -3*t = 4*w + 2*t - s. Let x = -41 + w. Is x a composite number?
False
Let t(p) = 3*p**3 + 5*p**2 - 2*p + 9. Let f(y) = y**3 - y**2 + y + 1. Let z(h) = 4*f(h) - t(h). Is z(12) a prime number?
True
Let h = -350944 - -749483. Is h composite?
False
Let k = 166 - 154. Suppose 22*h - k*h - 5260 = 0. Is h a prime number?
False
Let h(x) = 7*x**2 - 59*x + 36. Let v(j) = -3*j**2 + 29*j - 18. Let a(o) = 2*h(o) + 5*v(o). Let z be a(26). Is 6/(-48)*2 - (-1786)/z a prime number?
True
Suppose 46*k - 44*k = -2*w + 467884, w = -2*k + 233945. Is w a composite number?
False
Let f = -54 - -54. Suppose f = l - 2*k - 3063, k + 3224 = 3*l - 5970. Is l composite?
True
Suppose 854844 = 3*s + 5*f, 5*f - 1424750 = -56*s + 51*s. Is s prime?
False
Suppose -2*j = -2*z + 998, -z + 9*j + 495 = 4*j. Let i = -119 + z. Is i composite?
True
Is (-14763020)/(-28) - ((99/21 - 7) + 2) prime?
True
Suppose 8*n = -65*n - 21*n + 124778138. Is n a composite number?
False
Let j be (1476/15)/((-2)/10). Suppose -48*z = -33*z - 11985. Let o = j + z. Is o prime?
True
Let h(i) = -55129*i + 2309. Is h(-8) a composite number?
False
Let t(o) = 2*o**3 - 5*o**3 - 20 - 14*o + 2*o**3 - 18*o**2 + 52. Is t(-25) prime?
False
Suppose 4 = -a + h, -5*a - 2*h = -6*a - 8. Suppose -4*y - 2*u + 8 = a, -u - 3 + 1 = -y. Is 4*2228/32*y a composite number?
False
Let a be (108/(-15))/(2/(-28855)). Suppose 0 = -2*d - 16*d + a. Is d a composite number?
True
Let d = 230932 - -401235. Is d prime?
False
Let i(s) = 1181*s**2 - 13*s - 61. Is i(-6) a prime number?
True
Suppose -2*q + 56921 = -5*t, 3*q - 2*t = 33803 + 51584. Is q composite?
False
Suppose 14*q - 646 - 796 = 0. Suppose 99*c = q*c - 3516. Is c a composite number?
True
Suppose 4 = -6*x + 7*x. Suppose -x*y = 331 - 2127. Let k = 802 - y. Is k a prime number?
True
Let b = -31 + 33. Suppose b*u + v - 1406 = 3*u, -4*u - 5634 = v. Let n = 2527 + u. Is n a prime number?
False
Let l(a) = -a**3 + 25*a**2 - 6*a + 47. Let b = -198 - -222. Is l(b) a prime number?
True
Suppose 48*w + 240 = 60*w. Suppose -28407 = 3*f - w*f. Is f a composite number?
True
Let m be (-2)/13 - 4580499/(-429). Let r = 23891 - m. Is r a prime number?
False
Is 1/((-114)/(-152) - (-56837)/(-75788)) composite?
False
Let r(o) = -1257*o + 49. Is r(-6) composite?
False
Let n(m) = -m**3 + 100*m**2 + 79*m + 1471. Is n(84) a composite number?
True
Suppose -13*f + 11549 = 1331. Suppose 2*z - 580 = f. Is z prime?
True
Let n be (-12)/(-4) - 1 - -4483. Suppose 13*p + 2*p = n. Is p a prime number?
False
Suppose 5*v + 12 = 2*i + 27, 3*v - 9 = i. Suppose 14 = v*j + 4*k, -4 = -j - 4*k - 2. Is 3/j - 1113/(-2) a prime number?
True
Let p(o) = 20*o**2 - 76*o - 3. Let j be p(4). Suppose -68786 = -j*z - 15343. Is z composite?
False
Suppose 7*m = -3*m. Suppose m = -2*p - 0*p + 834. Suppose -21*c = -22*c + p. Is c prime?
False
Let j = 3017 + -7502. Let y = 13544 + j. Is y a prime number?
True
Let t = 678411 + -214070. Is t prime?
False
Let v = 23362 - 15002. Suppose 2*g + 5*a = 11446, -a = 2*g - v - 3086. Is g a prime number?
False
Suppose -m + 4*c = -857399, -3*m - 7*c + 3*c + 2572293 = 0. Is m a prime number?
False
Let y = -114 + 161. Let j = 55 - y. Suppose -95 = -6*w + 3*w - u, -2*u - j = 0. Is w composite?
True
Let x = 3786 - 2623. Is x a composite number?
False
Suppose -16*o + 4*o + 2400 = 0. Suppose 7*s - 171 - o = 0. Is s a composite number?
False
Let x(q) = -q**2 - 24*q - 26. Let a be x(-11). Suppose 0 = -4*n - a + 133. Suppose 4*p = 5*o - 1323, -n*o + 5*p + 516 + 546 = 0. Is o composite?
False
Is (-18713256)/(-1080)*5 - (44/18 - 2) a composite number?
True
Let i(f) = 12*f - 48. Let s be i(5). Suppose -l - s*l + 8749 = 0. Is l a prime number?
True
Let u = 54 - 289. Is (-3)/(30/35116)*u/94 composite?
False
Suppose -o - 5*f + 543440 = 4*o, 5*f - 326070 = -3*o. Is o prime?
False
Suppose 0 = -2*i - i - 6. Let y be (-47)/(-7) - 4/28*i. Suppose 2*d + 3*p = 27 - y, -5*p = 10. Is d a composite number?
False
Let v(z) = 80*z**3 - z**2 + z. Let b be v(1). Let r = -21 + b. Let n = r - -296. Is n a composite number?
True
Suppose 84 = 3*g + 2*u, 4*g + u - 112 = 2*u. Let b = g - 26. Suppose -4*m = -3*a - 3787, -2804 = -b*m - m - 5*a. Is m a composite number?
True
Let o = -4 - 4. Let j(l) = -48*l**2 - 7 - 15*l**2 + 29*l**2 + 41*l**2 + 11*l. Is j(o) a composite number?
False
Let p(i) = i**2 + 7*i - 38. Let c be p(-10). Let o(f) = 120*f**2 - 6*f - 17. Is o(c) composite?
True
Let h(s) = -6196*s - 8. Let o be h(-1). Suppose -o = -14*b + 10094. Is b a composite number?
False
Suppose -2*t = -3*t + 388. Let p = t - 194. Suppose 3*y = -56 + p. Is y composite?
True
Suppose o = 3*d + 177, 891 - 247 = 4*o + 4*d. Let g = 554 - o. Is g composite?
False
Let x(l) = 7*l - 33. Let z be x(5). Is (z - 0) + 0 + 8057 composite?
False
Let j(h) = h**3 - 13*h**2 + 4*h - 4. Let y be j(13). Let z(a) = 39 + 3*a + 5*a - 12 - y*a. Is z(-14) a prime number?
True
Let u(o) = 7*o**3 - 7*o**2 - 6*o + 7. Let p = -14 + 19. Let i(g) = 14*g**3 - 15*g**2 - 12*g + 13. Let s(z) = p*u(z) - 2*i(z). Is s(4) composite?
False
Let p = -62 - -61. Let b(s) = -1444*s + 33. Is b(p) composite?
True
Suppose -v = 5*l - 53194, -6*l - 265941 = -5*v - 2*l. Is v prime?
True
Suppose -9 = 3*g, -10 = 5*j + 4*g - 3. Let p(u) be the first derivative of 131*u**2/2 - 506. Is p(j) a composite number?
False
Let s be (-1)/((-45)/(-21) + -2). Let j(w) be the second derivative of -103*w**3/6 - w**2 + 7*w. Is j(s) a prime number?
True
Suppose -151*d + 10 = -152*d. Let l(u) = -3*u**3 - 15*u**2 - 34*u - 2. Let r be l(d). Let q = 3160 - r. Is q a prime number?
False
Suppose -21680 = -4*y + 3416. Suppose 0 = 5*m - 4*d - 1043 - 5249, -5*m = 2*d - y. Let j = 2377 - m. Is j composite?
True
Let a be 10/45 + (-2 - (-1094)/18). Let q = 75 - a. Suppose -21525 = -q*y - 1573. Is y a prime number?
False
Is (-11)/((-66)/270720) - (1 + (0 - 0)) a composite number?
False
Let k(a) = 538*a**3 + a**2 - 4*a - 10. Is k(3) composite?
True
Let l(r) = r**3 + 20*r**2 - 14*r - 13. Let x be (-23)/(-7) - (-6)/(-21). Let w be (x + -4)*2*9. Is l(w) a prime number?
True
Is (-2)/(8/(-20)) + 186372 a composite number?
False
Let c be 12/(-3)*2*(-5)/(-2). Is (-20)/c - (0 - 1054) composite?
True
Let b be 34/30*3 + (-9)/(-15). Suppose w + 6 = -3*a - w, b*a = -4*w - 12. Suppose -3*k - 985 = -2*m, -3*m + a*k - 5*k + 1430 = 0. Is m a prime number?
False
Let w = 64879 + 7278. Is w prime?
False
Let s = 82130 + -29312. Suppose s = -69*j + 75*j. Is j a prime number?
True
Suppose -15*r + 229 = -16*r. Let i = r - -2032. Is i a prime number?
False
Let u(t) = 3794*t - 2. Let n be u(1). Suppose 9*j - 3*j = -n. Let c = -141 - j. Is c a composite number?
False
Is (-252190)/8*(-102 - -98) composite?
True
Is (13/(143/11))/(2 + -1)*29093 prime?
False
Let s(l) = -1072*l**3 + 4*l**2 - 12*l - 15. Let b be s(-4). Suppose -2*g + 70584 = 2*x, -5*g + 4*x + 107746 = -b. Is g a composite number?
False
Suppose 0 = -t + 3*j + 12322 + 7842, j + 100862 = 5*t. Is t composite?
False
Let n = 165 - 190. Is (-1 - -2)/(n/(-5150)) composite?
True
Suppose 154483 = 64*d - 140109. Suppose 2*w - 14 = -0*w + 2*f, f + 2 = 0. Suppose 0 = -w*t - 0*v - 2*v + d, v = t - 915. Is t a composite number?
False
Let w(j) = 18*j**2 - 26*j - 29. Let d be w(27). Suppose 16995 = 14*p - d. Is p a composite number?
False
Suppose -r + 2439 = -2*n - 80364, -3*r + 248427 = 3*n. Is r a prime number?
False
Suppose 7*f - 28 = 9*f. Let j = -1 + f. Is 3 + ((-55023)/j - 3/15) a prime number?
True
Suppose -4*m = 4*y - 796, -5